*h + 3*f. Let m be (0 - 0*(-2)/h)*-1. Suppose -4*d + 3*q + 505 = m, 2*d - 2*q = 49 + 203. What is the tens digit of d?
2
Suppose 180 = 7*v - 149. Suppose -3*j = 2*m - 13, 11 = -4*m - 4*j + v. Let o(t) = t**2 - 9*t - 16. What is the tens digit of o(m)?
5
Suppose 3*t - 243 = -249, -2*t = -4*h + 118792. What is the units digit of h?
7
Suppose 0 = -5*b - 0 + 35. Suppose -4 = u - b. Suppose -k = -u*h + 3*k + 148, -15 = -3*k. What is the units digit of h?
6
Suppose 4*z - 11612 = -3*d - 2819, -5862 = -2*d - 5*z. Suppose 0 = 5*j - 9*j + 5*k + d, 5*k = -j + 739. What is the hundreds digit of j?
7
Suppose 20*t + 23 = -4*t + 95. Let x be 6/(-4)*(-4)/3. Suppose -434 = -t*j - x*s, -2*j + 2*s + s + 272 = 0. What is the hundreds digit of j?
1
Let b(j) = -2*j + 15. Let t be b(6). Suppose 3 = t*z, 3*z = c - 2*z. Suppose 8 = -f + 7*q - 2*q, 4*f - 68 = -c*q. What is the units digit of f?
2
Let g = -4432 + 8300. What is the thousands digit of g?
3
What is the thousands digit of ((-29)/4 - 17/(-68))*396648/(-56)?
9
Let l(y) be the third derivative of -11*y**4/12 - 31*y**3/6 - 43*y**2. What is the tens digit of l(-14)?
7
Let f(m) = 135*m - 2879. What is the units digit of f(91)?
6
Let d be 3/2*180/27. Suppose 0*k = -k + d. What is the units digit of k/(-8) + 394/8?
8
Suppose -603 = -4*v + 3*a, 755 = 5*v + 5*a - 9*a. What is the tens digit of (16506/v)/(8/28)?
9
Suppose -50*w = 1207 - 2783 - 1974. Suppose -2*t + 56 = -192. Let z = t - w. What is the units digit of z?
3
Let p(v) = 2*v**3 - 19*v**2 - 24*v - 38. What is the thousands digit of p(16)?
2
What is the thousands digit of (-2)/(-32) - (-539411950)/10528?
1
Suppose -4*w + 10 = 14, -3*w = -y + 3919. What is the hundreds digit of y?
9
Let y(c) = 59*c**2 - 67*c + 675. What is the units digit of y(11)?
7
Let d be (48/(-10))/(6/20). Let k = 23 + d. Suppose j = k + 78. What is the tens digit of j?
8
Let f = -19 - -75. Let o = f - 63. Let d(y) = 3*y**2 + 5*y + 1. What is the units digit of d(o)?
3
Let i(o) = -o**2 + 17*o - 14. Suppose 0 = -2*s + 10. Let q be i(s). Suppose -m - q = -3*m. What is the units digit of m?
3
Let g(o) = 6*o - 52. Let x be g(9). Suppose -8*c = -x*c - 4164. What is the tens digit of c?
9
Suppose 2*m + 2*h - 10110 = 0, 24*h = -4*m + 23*h + 20205. What is the units digit of m?
0
Let r = -78074 - -112150. What is the tens digit of r?
7
What is the hundreds digit of (-4)/(-6)*15*1074924/360?
8
Suppose 6*d - 27 = 33. Suppose 12*g - d*g - 780 = 0. Let o = -171 + g. What is the hundreds digit of o?
2
Suppose -5*k - 7151696 = -277*k. What is the units digit of k?
3
Suppose -19 + 4 = -5*b, 0 = -2*h - 2*b + 22120. Suppose 0 = -47*t + 28329 + h. What is the hundreds digit of t?
8
Suppose 2*i = 27*y - 30*y + 920, 2*i - 1228 = -4*y. What is the tens digit of y?
0
Suppose 5942 + 9666 = 4*x - 4*m, -3*m + 11730 = 3*x. What is the hundreds digit of x?
9
Suppose -5*v - 4*b + 91 = -897, 2*v = 2*b + 406. Let r = -175 + v. What is the tens digit of r?
2
Let o be 3930/7 - 0 - (-64)/112. Let r = o + -306. What is the hundreds digit of r?
2
What is the hundreds digit of (0 - -62)*(-296 + 652)?
0
Suppose 11 = 10*m - 69. Suppose 35064 = m*b + 16*b. What is the tens digit of b?
6
What is the units digit of 28/3 - ((-208)/(-48) - 5)?
0
Let r = 2030 - -5024. What is the tens digit of r?
5
Let k = 184 - 179. Suppose -k*m + 2*m + 1521 = 0. What is the hundreds digit of m?
5
Suppose -4*k + 2*f = -14, 4*f - 11 = -4*k + 33. Let u be (-2)/((k/4)/(-3)). Suppose -44 = -u*g + 124. What is the units digit of g?
2
Let u be 6 + 16/(-12)*-465. Let c = u + -149. What is the units digit of c?
7
Let r = -17348 - -53642. What is the hundreds digit of r?
2
Suppose 3*v = 133 - 43. Suppose -h + v = -s - 31, 5*s - 271 = -4*h. What is the tens digit of h?
6
Suppose 75711 + 15710 = 60*d - 49*d. What is the units digit of d?
1
Let j be (-2)/8*0 + 1. Let g = -129 - -132. What is the hundreds digit of (j/(0 + g))/((-3)/(-1413))?
1
Let g(f) be the first derivative of f**3/3 + 2*f**2 + 10*f - 281. Suppose a = 4 - 10. What is the tens digit of g(a)?
2
Let m be -180 + 0/(0 - 1). Let b = 91 + m. Let t = -57 - b. What is the units digit of t?
2
Let r = -8736 + 13241. What is the tens digit of r?
0
Let a = 36723 - 17914. What is the hundreds digit of a?
8
Let j(i) = 2 - 8*i + 0 + i**2 - 6. Let p be j(8). What is the tens digit of (p/8)/((-5)/830)?
8
Let i be 1 - -1 - ((-6 - -15) + -3). What is the hundreds digit of (-1 + 745/(-20))*i?
1
Let a(u) = 2825*u + 541. What is the hundreds digit of a(4)?
8
Let r(t) = -76*t**3 - 8*t**2 + 13*t + 28. What is the hundreds digit of r(-9)?
6
Suppose 94*m = 91*m + 15312. What is the hundreds digit of m?
1
Suppose -1149 = p - 1148, 4*p = -4*n + 81040. What is the thousands digit of n?
0
Let t be (-4)/10 - (-104)/10. Let z be (10326/(-66) - -7) + (-1)/((-33)/(-18)). What is the tens digit of (16/t)/((-3)/z)?
8
Suppose 0 = 201*b + 2742487 - 17433175. What is the units digit of b?
8
What is the thousands digit of (0 - -6)*140/63*(-48240)/(-32)?
0
Suppose -5*c + 15 = -15. Let r be (0/((-15)/10*(-30)/(-9)))/(-1). Suppose r = -5*d + 5*z + 885, d - 2*z = -c*z + 192. What is the units digit of d?
0
Let w(a) = a**3 + 10*a**2 - 21*a + 2. Let c = -813 + 806. What is the tens digit of w(c)?
9
Let p(f) = -5*f**3 + 16*f**2 - 5*f - 4. Let i(h) = -14*h**3 + 49*h**2 - 14*h - 12. Let w(b) = 4*i(b) - 11*p(b). What is the units digit of w(8)?
6
Let h(q) = 58*q - 25. Let x(t) = -3*t - 41. Let d be x(-15). Let s be h(d). Suppose -2*p - 5*b = -p - s, -828 = -4*p + b. What is the hundreds digit of p?
2
Let g(x) = -3*x - 3*x + 89 - 121 - 10*x**2 - x**3. What is the units digit of g(-10)?
8
Let h be 1 - -1 - 1*(85 - 1). Let i = -309 - h. Let d = i - -322. What is the tens digit of d?
9
Suppose 0 = 3*t + 5*h + 4, -10*t + 11*t - 4 = h. Suppose -s - d + 4593 = 3*s, -2*s + 2292 = t*d. What is the units digit of s?
9
Suppose 3*r + 0 = 15. Let h be 2/6 + 6/27*39. Suppose 340 = h*x - r*x. What is the units digit of x?
5
Suppose 3*f - 5*l = -l + 15215, 25339 = 5*f + 3*l. What is the tens digit of f?
6
Suppose -1456*x = -4*q - 1454*x + 48800, 36611 = 3*q + 4*x. What is the units digit of q?
1
Suppose 0 = 2*i - 4*u - 30234, -3*i + 3841 = 4*u - 41570. What is the units digit of i?
9
Suppose 0 = -4*w - 124 + 92. What is the units digit of w + (-2808)/(-45) + 4/(-10)?
4
Let t be (5 + -4)*1*1. Let y be 0/(t - 4) + -6. What is the units digit of 2/y + 440/15 + 3?
2
Suppose 79*t - 2806612 - 2733350 = -55*t. What is the ten thousands digit of t?
4
Suppose -45*v - 6255 = -203490. What is the units digit of v?
3
Suppose j = 5*f + 89, -4*f = -0*j - 3*j + 245. Suppose -i + j = -178. What is the hundreds digit of i?
2
What is the tens digit of 6/9*-2*11574/(-8)?
2
Suppose 6*c - 223 = -205. What is the units digit of (-1295)/(-14) + 3 + c/(-2)?
4
Let r = -47 + 97. What is the units digit of (-5)/r - 3351/(-10)?
5
Suppose -82*i + 69*i = -30615. Let m be 4/(-18) - (-116)/36. What is the tens digit of m/2 + i/30?
8
Suppose 6*g - 5*g = 13. Let a be 17 - ((-41)/(-13) + (-2)/g). Let z(w) = 8*w - 17. What is the units digit of z(a)?
5
Let b(r) = -16216*r + 1140. What is the ten thousands digit of b(-3)?
4
Let i(y) = -3*y**2 - 2*y + 18. Let d = 97 - 94. Let z be i(d). What is the units digit of (-4)/30 - z/((-1575)/(-8204))?
8
Let a be (-4)/10*-25 + -4 - -4. Suppose -2*b + a*m - 11*m + 2167 = 0, 1076 = b - 2*m. What is the thousands digit of b?
1
Suppose 10*x - 2611 = 1689. Let h = x + 920. What is the hundreds digit of h?
3
Let u be (4/10)/(41/(-1230)). What is the tens digit of (4 - 105/u)/((-1)/(-36))?
5
Suppose 0 = n + 4, -184*v + 216 = -180*v + 2*n. Let h be ((-6)/10)/(2/(-310)). Let w = h - v. What is the tens digit of w?
3
Let q be ((-259)/(-14))/(2/(-4)) + 2. What is the tens digit of (50/q)/((-2)/98)?
7
Suppose 77 = 5*r + 3172. What is the hundreds digit of (-5 - -3) + (8 - r)?
6
Let o(n) = 4*n**3 - 7*n**2 + 4*n + 6. Suppose d + 15 = 19. Let x be o(d). Let y = x + -62. What is the hundreds digit of y?
1
Let r be -453*-5*3/9. Let l = -367 + r. What is the units digit of l/5 - (-8)/20?
8
Let z = 30106 - 12823. What is the thousands digit of z?
7
Let k(y) = 9*y**2 - 40*y + 954. What is the units digit of k(-51)?
3
Let w(a) = 194*a**2 - 242*a - 1450. What is the uni